{"id":850,"date":"2016-08-06T18:12:49","date_gmt":"2016-08-06T16:12:49","guid":{"rendered":"http:\/\/www.cas.lu\/wpress_cas\/?page_id=850"},"modified":"2017-06-23T20:21:39","modified_gmt":"2017-06-23T18:21:39","slug":"meeting","status":"publish","type":"page","link":"http:\/\/www.cas.lu\/wpress_cas\/meeting\/","title":{"rendered":"Meeting"},"content":{"rendered":"<table style=\"background-color: #336699; height: 55px; width: 100%;\" border=\"0\">\n<tbody>\n<tr>\n<td style=\"text-align: center;\"><span style=\"color: #ffffff;\"><strong><span style=\"font-size: 14pt;\">Championnats nationaux individuels 2017<br \/>\n<\/span><\/strong><\/span><\/td>\n<\/tr>\n<tr>\n<td style=\"text-align: center;\"><span style=\"font-size: 14px;\"><span style=\"color: #ffffff;\">15.\/16. Juli 2017 &#8211; Stade Jean Jacoby Schifflange<\/span><\/span><\/td>\n<\/tr>\n<\/tbody>\n<\/table>\n<p><div class=\"responsive-tabs\">\n<h2 class=\"tabtitle\">Programm<\/h2>\n<div class=\"tabcontent\">\n<p><span style=\"color: #000000;\">Hier k\u00f6nnen Sie das komplette Programm herunterladen:\u00a0 <a href=\"http:\/\/www.fivehours.cas.lu\/ChampionnatsDH\/programm.pdf\" target=\"_blank\" rel=\"noopener\"><span class=\"fa-file-pdf-o\" style=\"font-size: 16px;  color: #1e73be;  vertical-align: top; line-height: 1.2;\"><\/span><\/a>\u00a0 <\/span><a href=\"http:\/\/www.fivehours.cas.lu\/ChampionnatsDH\/programm.pdf\" target=\"_blank\" rel=\"noopener\">(pdf)<\/a><\/p>\n<p><object class=\"vanilla-pdf-embed\" data=\"http:\/\/www.fivehours.cas.lu\/ChampionnatsDH\/programm.pdf#page=1&view=FitH\" type=\"application\/pdf\" width=\"100%\" height=\"780px\"><p><a href=\"http:\/\/www.fivehours.cas.lu\/ChampionnatsDH\/programm.pdf\">Download the PDF file .<\/a><\/p><\/object><\/p>\n<br \/>\n\n<\/div><h2 class=\"tabtitle\">Meldungen<\/h2>\n<div class=\"tabcontent\">\n<p>Bitte schicken Sie Ihre Meldungen bis sp\u00e4testens Dienstag 11.07.2017 24h00 an folgende Adressen. Jeweils pro Athlet m\u00fcssen Startnummer, Name, Vorname, Verein, Geburtsdatum sowie Geschlecht angegeben werden:<\/p>\n<p>Cercle Athletique Schifflange:\u00a0 <a href=\"mailto:cas@pt.lu\"><span class=\"fa-envelope-o\" style=\"font-size: 16px;  color: #1e73be;  margin-top: 30px;  vertical-align: top; line-height: 1.2;\"><\/span><\/a>\u00a0 <a href=\"mailto:cas@pt.lu\">cas@pt.lu<br \/>\n<\/a>F\u00e9d\u00e9ration Luxembourgeoise d'Athl\u00e9tisme:\u00a0 <a href=\"mailto:inscription@outdoor2017.fla.lu\"><span class=\"fa-envelope-o\" style=\"font-size: 16px;  color: #1e73be;  margin-top: 30px;  vertical-align: top; line-height: 1.2;\"><\/span><\/a>\u00a0 <a href=\"mailto:inscription@outdoor2017.fla.lu\">inscription@outdoor2017.fla.lu<\/a><\/p>\n<p>Aktuelle Teilnehmerliste: <span style=\"color: #000000;\"> <a href=\"http:\/\/www.fivehours.cas.lu\/ChampionnatsDH\/teilnehmerliste.pdf\" target=\"_blank\" rel=\"noopener\"><span class=\"fa-file-pdf-o\" style=\"font-size: 16px;  color: #1e73be;  vertical-align: top; line-height: 1.2;\"><\/span><\/a>\u00a0 <\/span><a href=\"http:\/\/www.fivehours.cas.lu\/ChampionnatsDH\/teilnehmerliste.pdf\" target=\"_blank\" rel=\"noopener\">(pdf)<\/a><br \/>\n<object class=\"vanilla-pdf-embed\" data=\"http:\/\/www.fivehours.cas.lu\/ChampionnatsDH\/teilnehmerliste.pdf#page=1&view=FitH\" type=\"application\/pdf\" width=\"100%\" height=\"780px\"><p><a href=\"http:\/\/www.fivehours.cas.lu\/ChampionnatsDH\/teilnehmerliste.pdf\">Download the PDF file .<\/a><\/p><\/object><br \/>\nSollte es irgendwelche Unstimmigkeiten mit Ihrer Anmeldung geben k\u00f6nnen Sie uns jederzeit unter <a href=\"mailto:cas@pt.lu\"><span class=\"fa-envelope-o\" style=\"font-size: 16px;  color: #1e73be;  margin-top: 30px;  vertical-align: top; line-height: 1.2;\"><\/span><\/a> <a href=\"mailto:cas@pt.lu\">cas@pt.lu<\/a> erreichen. Bitte erlauben Sie uns einen Tag zur Bearbeitung Ihrer Meldung.<\/p>\n<br \/>\n\n<\/div><h2 class=\"tabtitle\">Resultate<\/h2>\n<div class=\"tabcontent\">\n<p>Resultate zu den Championnats nationaux individuels 2017:\u00a0 <span style=\"color: #000000;\"> <a href=\"http:\/\/www.fivehours.cas.lu\/ChampionnatsDH\/resultat.pdf\" target=\"_blank\" rel=\"noopener\"><span class=\"fa-file-pdf-o\" style=\"font-size: 16px;  color: #1e73be;  vertical-align: top; line-height: 1.2;\"><\/span><\/a>\u00a0 <\/span><a href=\"http:\/\/www.fivehours.cas.lu\/ChampionnatsDH\/resultat.pdf\" target=\"_blank\" rel=\"noopener\">(pdf)<\/a><br \/>\n<object class=\"vanilla-pdf-embed\" data=\"http:\/\/www.fivehours.cas.lu\/ChampionnatsDH\/resultat.pdf#page=1&view=FitH\" type=\"application\/pdf\" width=\"100%\" height=\"780px\"><p><a href=\"http:\/\/www.fivehours.cas.lu\/ChampionnatsDH\/resultat.pdf\">Download the PDF file .<\/a><\/p><\/object><\/p>\n<br \/>\n<\/div><\/div><\/p>\n","protected":false},"excerpt":{"rendered":"<p>Championnats nationaux individuels 2017 15.\/16. Juli 2017 &#8211; Stade Jean Jacoby Schifflange<\/p>\n","protected":false},"author":1,"featured_media":0,"parent":0,"menu_order":0,"comment_status":"closed","ping_status":"closed","template":"","meta":{"footnotes":""},"class_list":["post-850","page","type-page","status-publish"],"_links":{"self":[{"href":"http:\/\/www.cas.lu\/wpress_cas\/wp-json\/wp\/v2\/pages\/850","targetHints":{"allow":["GET"]}}],"collection":[{"href":"http:\/\/www.cas.lu\/wpress_cas\/wp-json\/wp\/v2\/pages"}],"about":[{"href":"http:\/\/www.cas.lu\/wpress_cas\/wp-json\/wp\/v2\/types\/page"}],"author":[{"embeddable":true,"href":"http:\/\/www.cas.lu\/wpress_cas\/wp-json\/wp\/v2\/users\/1"}],"replies":[{"embeddable":true,"href":"http:\/\/www.cas.lu\/wpress_cas\/wp-json\/wp\/v2\/comments?post=850"}],"version-history":[{"count":4,"href":"http:\/\/www.cas.lu\/wpress_cas\/wp-json\/wp\/v2\/pages\/850\/revisions"}],"predecessor-version":[{"id":1014,"href":"http:\/\/www.cas.lu\/wpress_cas\/wp-json\/wp\/v2\/pages\/850\/revisions\/1014"}],"wp:attachment":[{"href":"http:\/\/www.cas.lu\/wpress_cas\/wp-json\/wp\/v2\/media?parent=850"}],"curies":[{"name":"wp","href":"https:\/\/api.w.org\/{rel}","templated":true}]}}